d derivative of n(u). What are the prime factors of m(2)?
2
What are the prime factors of (-90188)/(-10) - 4 - 2/(-10)?
3, 5, 601
What are the prime factors of ((-572)/(-20) - -3)*2*76725/90?
2, 11, 31, 79
What are the prime factors of (5 - 65)/((-360)/(-2688)*4/(-430))?
2, 5, 7, 43
Suppose 0*i = 12*i - 120360. Suppose -i = -8*r - 9*r. What are the prime factors of r?
2, 5, 59
Let r be 2*((-3161)/1)/((-6)/15). Suppose -26*b + 6035 = -r. What are the prime factors of b?
2, 3, 5, 7
Let b(w) = -w + 18. Let k be b(14). Let q(n) = 14*n + 45. Let s(y) = 3*y + 9. Let u(z) = -2*q(z) + 11*s(z). List the prime factors of u(k).
29
Let k = -54 - -49. Let n(g) = 39*g - 22. Let u(f) = 19*f - 11. Let m(r) = 6*n(r) - 13*u(r). List the prime factors of m(k).
2, 19
Let n = 444 - -566. Let l = n + -8. List the prime factors of l.
2, 3, 167
Let a(g) = -50*g - 26. Let y(p) = 4*p + 15. Let h be y(-5). List the prime factors of a(h).
2, 7
Let p be (-38)/(-133) - (-285)/7. Let h = 44 - p. Suppose -o - 2*o = h*k - 231, -4*o + 2*k + 338 = 0. What are the prime factors of o?
2, 41
Let t = -5 - -7. Suppose 0 = -5*w - t*b, 2*w + w = 2*b. Suppose 4*q - 86 - 702 = w. What are the prime factors of q?
197
Let a(d) = d**3 - 11*d**2 - 12*d + 27. Suppose 2*u = -4*v + 44, -2*v - 50 = -6*v + u. Let j be a(v). List the prime factors of (76/(-6))/((-3)/j).
2, 3, 19
Suppose 47 - 17 = 5*c. Let j be (-1)/((-4)/(-16)) + c. Suppose j*w = 4*f - 2*f - 30, 14 = f - 2*w. List the prime factors of f.
2
Suppose -206 = 3*o - 1373. Suppose -737 - o = -2*q. List the prime factors of q.
563
Let m(c) = 2*c**3 - 19*c**2 + 25*c + 119. What are the prime factors of m(21)?
7, 23, 67
Let a = -34 + 37. Let y be -3*a/(27/(-21)). Suppose 0 = y*t - 8*t + 103. List the prime factors of t.
103
Suppose 0 = -2*t + 3008 + 3792. Suppose 0 = 4*g - 3*w - t - 2923, -3178 = -2*g - 4*w. What are the prime factors of g?
1583
Let d = 15 + -15. Let h be 448 + 3/2*52/39. Suppose -w - 4*w + h = d. What are the prime factors of w?
2, 3, 5
What are the prime factors of ((-7146)/(-24))/(6/192)?
2, 3, 397
Suppose 2*z = -5*c - 418, -c + 67 = -3*z - 560. Let l = 342 + z. List the prime factors of l.
7, 19
Let t be -5*(-1 + 0)*(-56)/(-140). Suppose 1907 = t*f + 415. List the prime factors of f.
2, 373
Let k = -23 + 77. Let i be 1 - -2 - 1 - (68 + -69). Suppose -i*b = -480 - k. List the prime factors of b.
2, 89
Let h(x) = x**3 - 12*x**2 + 11*x - 4. Let a be 6/(-21) + (93/7 - 2). Let m be h(a). List the prime factors of 51 + (-3 - (-7 - m)).
3, 17
What are the prime factors of 16230/(-300)*35*(-1 + -9)?
5, 7, 541
Let z(u) = -49*u**3 - 6*u**2 + 2*u + 1. Let y be z(-2). Let q = 10 + -8. Suppose y = q*h + 3*h. What are the prime factors of h?
73
Suppose -9 = -2*i - 5*l, -3*i = -2*i - l - 1. Suppose 0 = -4*y - h + 4839, -i*y - 3*h = -7*h - 2442. List the prime factors of y.
7, 173
Let r be 1*-1 - 1 - (7 + -9). Suppose r = 7*j - 6*j + 53. Let h = j - -159. List the prime factors of h.
2, 53
Suppose 2*c + 241 + 113 = -2*y, -369 = 2*c + 5*y. Let w = c + 504. What are the prime factors of w?
2, 83
Suppose 707 = 19*b - 756. Suppose -10 = -s + b. List the prime factors of s.
3, 29
Let u(o) = o**2 + 79*o + 2289. List the prime factors of u(-58).
3, 7, 17
Let b(w) = -63*w - 203. Let z be b(-22). Let a = -110 + z. What are the prime factors of a?
29, 37
Let o(t) be the third derivative of -107*t**4/24 - t**3/6 - 14*t**2. Let q be o(-1). Let a = q + 0. What are the prime factors of a?
2, 53
Let j(u) = -13*u - 37. Let f be j(-36). Suppose -f = -2*i + 123. What are the prime factors of i?
277
Suppose -1305 - 1636 = -3*t - 4*r, -5*t + 3*r + 4950 = 0. Suppose 0 = -10*o + t + 5483. List the prime factors of o.
647
Let d = -134 - -133. What are the prime factors of d - (-595 - (-2 - 2))?
2, 5, 59
List the prime factors of -521 + 528 + 69834/(4 - 2).
2, 8731
Suppose 2*p + 4*g + 1 = -19, 5*p + 5*g + 25 = 0. Suppose 4*x + x + 260 = p. Let v = 63 + x. What are the prime factors of v?
11
Suppose h = 5*y + 2898, 5*h = -2*y + 287 - 1457. Let q = y + 1034. What are the prime factors of q?
2, 227
What are the prime factors of 2 - 7/4 - (-12983040)/1024?
31, 409
Let y be 1/(-2*2/(-100)). Let l be 14/(-112)*4*-146. Let v = l - y. List the prime factors of v.
2, 3
Let p = 3701 + 2488. What are the prime factors of p?
3, 2063
Let l = 0 + 7. Suppose -24*v - 18143 = -63815. Suppose -l*s - 146 + v = 0. What are the prime factors of s?
251
Let y(k) = -6*k - 5. Let v(t) = 78*t + 66. Let z(j) = 2*v(j) + 27*y(j). Suppose -10 - 28 = 19*g. List the prime factors of z(g).
3
Let d = 65207 - 36701. What are the prime factors of d?
2, 3, 4751
Suppose -p = 100 - 13. Suppose -84*s - 1446 = -2199 - 2187. Let j = s - p. What are the prime factors of j?
2, 61
Let o = 2812 - 2032. List the prime factors of o.
2, 3, 5, 13
Suppose 8*z + 5*z = 6*z. Suppose 14*u - 13330 + 3754 = z. List the prime factors of u.
2, 3, 19
Let s(w) = -15715*w + 1826. What are the prime factors of s(-1)?
3, 1949
Let d(n) = 14*n**3 + 3 - 1225*n + 604*n - 4*n**2 + 622*n. Suppose 0*b - 2 = -b. What are the prime factors of d(b)?
101
Suppose -27*k = 6*k - 1079485 - 755843. List the prime factors of k.
2, 11, 79
Let d = -45 - -52. Let p be (-20)/(-70) + 33/d. Suppose -5*m + 6*a + 37 = 3*a, 5*m - 35 = p*a. List the prime factors of m.
2
Let b = 255 - 58. Let y = 98 + b. List the prime factors of y.
5, 59
Suppose 3*m + 3776 = -3*a + 135065, 3*a - 131265 = 3*m. What are the prime factors of a?
43759
Suppose 0*p = p - u + 1, 2*u - 8 = 0. Suppose l = 5*l + 4*z - 1440, p*z - 9 = 0. List the prime factors of l.
3, 7, 17
Let d(r) = -328*r - 793. What are the prime factors of d(-11)?
5, 563
List the prime factors of (((-80)/25)/(-4))/(11/42130).
2, 383
Let d(g) = -g. Let p(l) = -120*l - 56. Let x(h) = 4*d(h) + p(h). List the prime factors of x(-8).
2, 3, 13
Suppose 5*r = -5*r + 170. Let q = 224 + r. List the prime factors of q.
241
Let s(n) = 122*n**2 - 12*n - 8. Let i(l) = 123*l**2 - 13*l - 7. Let p(x) = -3*i(x) + 4*s(x). What are the prime factors of p(-2)?
3, 7, 23
Suppose -9*n = -2*n - 35. Suppose -4 = 3*y - 19, 5*y = n*h + 80. Let d = 37 - h. What are the prime factors of d?
2, 3
Let i be 6/24 - (-7906)/(-8). Let b = 1388 + i. What are the prime factors of b?
2, 5
Suppose -24*g + 96 = -21*g. Suppose -g*k = -27*k - 2*r - 5020, 5 = r. List the prime factors of k.
2, 503
Suppose -53693 = -5*d - r, -7*d - 21468 = -9*d - 5*r. List the prime factors of d.
10739
Let w = -17 + 19. Suppose 182 + 31 = 3*x. Suppose 0 = 3*t - 5*m - 169, -3*m + x = 2*t + w*m. List the prime factors of t.
2, 3
Let a = -16065 - -23774. What are the prime factors of a?
13, 593
Let j(y) = y**3 + y**2 - y + 8. Let z be j(0). What are the prime factors of (44/z - 4)/(3/1524)?
2, 3, 127
Suppose -k = -4*v + 15, 133*v - 3*k = 129*v + 13. What are the prime factors of (-41184)/(-220) - v/(-5)?
2, 47
Suppose -337 = -3*l - 2*y + 3*y, -l - 5*y = -123. Suppose 112*r - l*r + 557 = 0. List the prime factors of r.
557
Let b = 21520 + -14198. List the prime factors of b.
2, 7, 523
Let t be (5 + (-567)/(-14))/(1/2). Let h = 237 - t. What are the prime factors of h?
2, 73
Let m(u) be the first derivative of 2*u**3 + 3*u**2/2 + 34. Suppose 4*y - 13 = 3. What are the prime factors of m(y)?
2, 3
Let r be (-30)/7 + 4 - (-2578)/7. Suppose 3*p + 779 = 14. Let g = p + r. List the prime factors of g.
113
Suppose 0 = -4*x + 2*x - 3*q + 22, -5*x + 37 = 3*q. Suppose -5*s + 18 = -r, x*s = 2*s + 4*r + 4. Let z(y) = 32*y - 3. What are the prime factors of z(s)?
5
Let d(b) = -6*b**2 - 7*b - 8. Let n(t) = 5*t**2 + 8*t + 8. Let z(j) = -4*d(j) - 5*n(j). Let v be z(-11). List the prime factors of (12/8)/(v/98).
7
Suppose -479400 = -93*r - 9*r. List the prime factors of r.
2, 5, 47
Let w(r) = 3*r + 58. Let j be w(-19). List the prime factors of 2445/3 + (20/(-5))/j.
811
Let z = 7326 + -3710. What are the prime factors of z?
2, 113
List the prime factors of (-2 + -1)/(((-3567)/859792)/41).
2, 17, 109
Let y be 2796 + (11 - 4 - 5). Let j = -1320 + y. What are the prime factors of j?
2, 739
What are the prime factors of (-62)/(70/2828*2/(-20))?
2, 31, 101
Suppose 17*a - 277368 = 4*a - 8*a. What are the prime factors of a?
2, 13, 127
List the prime factors of -238*(36 + -73 + (-3 - 1*